 12211212000 (base 3) in base 6?
2244430
1303032310 (base 4) to base 14
c4016
Convert 1243101022 (base 5) to base 3.
12211100022011
What is 367bd2 (base 16) in base 15?
4a7e7c
What is -246208 (base 10) in base 14?
-65a24
1314104 (base 6) to base 12
35934
Convert 1132213 (base 4) to base 8.
13647
Convert -1d78a (base 14) to base 4.
-102130332
Convert -35381 (base 13) to base 14.
-27648
25b994 (base 16) to base 2
1001011011100110010100
What is -1c0e5d (base 16) in base 12?
-748079
112110210110121 (base 3) to base 13
17941ba
Convert 272675 (base 9) to base 10.
166037
Convert 554622 (base 7) to base 13.
35631
-1254743 (base 8) to base 13
-c3813
3a628 (base 14) to base 13
50663
Convert 11101100101101001001 (base 2) to base 6.
32440345
What is 10111111010110000010010 (base 2) in base 8?
27726022
Convert 312baa (base 14) to base 7.
20051503
What is -4346601 (base 7) in base 15?
-a7db9
What is 345837 (base 9) in base 8?
625546
3bbb70 (base 14) to base 5
1012142421
What is -3a902 (base 14) in base 11?
-99592
2398eb (base 15) to base 10
1703021
What is 118b255 (base 14) in base 10?
8405339
What is 113349 (base 11) in base 4?
223332011
Convert d46d (base 14) to base 10.
36553
-42543421 (base 6) to base 15
-19caba
-54603 (base 12) to base 5
-12031314
Convert 1000010110000011100 (base 2) to base 8.
1026034
Convert -12013321130 (base 4) to base 2.
-110000111111001011100
What is -121033023 (base 4) in base 16?
-193cb
Convert -1b029 (base 13) to base 8.
-147033
-131232300 (base 4) to base 9
-205036
Convert 234010202 (base 5) to base 4.
10013120102
What is 156025032 (base 7) in base 6?
1015030410
What is 1756123 (base 8) in base 3?
222011122211
-29c65 (base 13) to base 2
-10011010010011110
11001020220001 (base 3) to base 15
2c729a
Convert -25908d (base 15) to base 13.
-4b14cb
-3025322 (base 6) to base 12
-6b242
Convert 356535 (base 7) to base 9.
107740
What is 1751006 (base 8) in base 15?
a1ccd
Convert -8cc430 (base 14) to base 13.
-cbc780
-52545025 (base 7) to base 9
-8330031
Convert -101100010010000111 (base 2) to base 5.
-21301013
What is 2120a8 (base 11) in base 3?
122020201221
What is -3b4a3 (base 16) in base 11?
-156504
-371343 (base 16) to base 3
-20210101011220
Convert -3685321 (base 9) to base 8.
-7514024
Convert 48245 (base 11) to base 13.
25835
-14142230 (base 5) to base 9
-243040
What is -46c1a (base 14) in base 7?
-1315633
-105142512 (base 6) to base 8
-7262514
26035450 (base 7) to base 8
11005421
What is -43624415 (base 7) in base 3?
-21001201222202
220022122 (base 4) to base 15
33b21
Convert 402057 (base 15) to base 3.
12201200001001
What is -320130122011 (base 4) in base 15?
-14741d1
Convert 6c5b5b (base 15) to base 3.
100202022222212
-5e4e8 (base 15) to base 16
-499b5
Convert -97460 (base 10) to base 4.
-113302310
What is -101043142 (base 5) in base 13?
-11431a
Convert -12232101 (base 4) to base 15.
-825c
Convert -b65512 (base 13) to base 12.
-15196b6
Convert 1100010111111111110111 (base 2) to base 5.
1312302043
Convert -19dc9 (base 14) to base 7.
-362642
-23300131221 (base 4) to base 8
-13603551
What is 1782107 (base 9) in base 7?
11330002
What is -2195b6 (base 12) in base 16?
-8291a
What is -3667b25 (base 12) in base 14?
-1598dc1
What is 12010121110110 (base 3) in base 13?
746a69
Convert -22222012201 (base 3) to base 10.
-176572
-1442502 (base 6) to base 8
-243146
f9b7 (base 16) to base 6
1211543
Convert -285854 (base 10) to base 14.
-76262
Convert 195270 (base 12) to base 13.
1273cb
Convert -13021012 (base 5) to base 13.
-456a9
Convert -4585 (base 11) to base 4.
-1132012
Convert -1c124 (base 15) to base 9.
-148317
Convert -3944a (base 14) to base 11.
-96865
153230441 (base 6) to base 15
43e9ed
What is -dea985 (base 16) in base 13?
-303bc66
What is 10100001001100000 (base 2) in base 13?
2b744
68a8b1 (base 13) to base 7
30035324
10111111111010011001 (base 2) to base 6
24503121
2012021221 (base 3) to base 15
cc1a
62612240 (base 7) to base 14
9b65c7
Convert 802c9 (base 16) to base 2.
10000000001011001001
1a35bc (base 15) to base 6
43212140
61446 (base 7) to base 4
3222003
Convert 33399 (base 12) to base 3.
10110012100
What is 2395d8 (base 15) in base 14?
32454c
96038 (base 14) to base 11
228196
-8266d (base 15) to base 9
-688724
What is 21210010002121 (base 3) in base 2?
1111110001101100000111
What is -2200100221122 (base 3) in base 7?
-15051566
Convert 3221302 (base 6) to base 2.
100110101011100110
Convert -2701df (base 16) to base 6.
-130443035
Convert 1003572 (base 8) to base 5.
31422213
What is -24040031 (base 5) in base 16?
-36052
Convert -145ad5 (base 15) to base 3.
-1211211221202
What is -23244365 (base 8) in base 15?
-6a0ad4
What is -234130126 (base 7) in base 14?
-1cd4586
-8a586 (base 12) to base 7
-1364262
-1651d4 (base 14) to base 4
-2333001112
Convert -320a4 (base 14) to base 9.
-203731
Convert -7d262 (base 14) to base 11.
-19921a
What is 12024902 (base 10) in base 16?
b77c46
Convert -41883 (base 15) to base 5.
-23122143
-6843547 (base 10) to base 8
-32066233
What is -4451726 (base 10) in base 8?
-20766616
What is 471c3 (base 13) in base 6?
2441343
-655813 (base 11) to base 4
-3333221230
What is -33356103 (base 7) in base 3?
-12102201202010
What is -4740111 (base 8) in base 5?
-312410114
-4344033214 (base 5) to base 8
-43554424
Convert 42b6e2 (base 15) to base 10.
3177437
What is -13032122030 (base 4) in base 9?
-3506105
Convert -402a4 (base 12) to base 6.
-1441524
What is -c7285c (base 15) in base 5?
-4411204022
What is -a2310 (base 12) in base 16?
-3393c
Convert 2960858 (base 11) to base 9.
10504404
What is -1100101100010100010000 (base 2) in base 5?
-1322432443
Convert 493278 (base 10) to base 6.
14323410
-11200211022 (base 3) to base 10
-92456
What is -2675c (base 16) in base 11?
-a83a1
Convert 18e25 (base 16) to base 3.
12011211000
Convert -22211110102 (base 3) to base 10.
-173837
Convert -2112430010 (base 5) to base 8.
-20672026
Convert 1110101001000000 (base 2) to base 4.
32221000
Convert -7ba935 (base 12) to base 8.
-7453671
17103 (base 14) to base 12
29567
592451 (base 10) to base 12
246a2b
1202021320 (base 4) to base 9
672441
75425 (base 10) to base 9
124415
What is -312123312 (base 5) in base 3?
-2102100011200
Convert 7662287 (base 9) to base 15.
5645d1
-379d2 (base 15) to base 10
-177722
106b4a (base 13) to base 12
167738
13212101001 (base 4) to base 11
1140478
What is -185505 (base 14) in base 12?
-355729
-369140a (base 12) to base 15
-e02857
3939d (base 15) to base 4
230230201
What is -23672 (base 15) in base 5?
-12102312
What is 332120 (base 4) in base 14?
1652
-1508512 (base 9) to base 15
-116bde
-1b8b630 (base 13) to base 3
-122020121122211
-134413100 (base 5) to base 8
-2531141
What is -11111011111011111100 (base 2) in base 4?
-3323323330
1111801 (base 13) to base 7
62312302
What is -312131122312 (base 4) in base 6?
-1225553514
Convert -3d97 (base 15) to base 3.
-200002121
Convert a0152 (base 15) to base 9.
851765
96a29f (base 16) to base 6
551331503
Convert 1e0b3 (base 16) to base 13.
44021
Convert 164367 (base 9) to base 3.
12011102021
What is 1ca35 (base 14) in base 13?
27505
-425123 (base 6) to base 14
-c999
What is -25551 (base 12) in base 16?
-c6cd
Convert 160035 (base 9) to base 15.
1e282
Convert 111111010101010000011 (base 2) to base 14.
3c0415
What is 1c770 (base 13) in base 8?
155607
Convert -2174007 (base 10) to base 2.
-1000010010110000110111
1917427 (base 10) to base 15
27d1d7
-142177 (base 8) to base 16
-c47f
-1011031321 (base 5) to base 3
-10212002122110
What is -6533500 (base 7) in base 3?
-1111120012121
What is -79a931 (base 16) in base 6?
-442520453
1111000010010101010 (base 2) to base 14
cb7bc
What is 11010032223 (base 4) in base 9?
2443653
Convert -21212310332 (base 4) to base 10.
-2518334
Convert 346c (base 16) to base 7.
54061
What is -22001020210 (base 4) in base 13?
-70c3c6
Convert 3044333 (base 6) to base 16.
23ae1
What is -441415330 (base 6) in base 5?
-4011342340
Convert -113b98 (base 14) to base 16.
-8f40a
What is -414321002 (base 6) in base 5?
-3321224122
What is 150155402 (base 6) in base 13?
84483b
Convert -15646 (base 14) to base 11.
-37112
-250189 (base 10) to base 9
-421167
Convert -2866a (base 14) to base 13.
-36706
634702 (base 10) to base 15
c80d7
Convert 400a33 (base 11) t